f 1088031 and 1600881.
789
What is the greatest common divisor of 1403 and 1811917?
23
Calculate the greatest common factor of 845 and 366743.
13
What is the highest common factor of 1525 and 67550?
25
What is the greatest common factor of 895130 and 44670?
10
Calculate the greatest common divisor of 40576932 and 891.
99
Calculate the greatest common factor of 7131225 and 150.
75
What is the highest common factor of 7938037 and 50251?
1621
Calculate the greatest common factor of 16 and 29008360.
8
Calculate the greatest common factor of 602082 and 161352.
1494
Calculate the greatest common factor of 17 and 18832379.
17
What is the highest common factor of 131705 and 1135645?
2485
What is the highest common divisor of 518 and 10954118?
14
What is the greatest common divisor of 2263 and 5438511753?
2263
Calculate the highest common divisor of 3173628 and 51.
51
Calculate the greatest common divisor of 4011504 and 14049.
21
Calculate the highest common factor of 1360 and 619854.
34
Calculate the highest common divisor of 13208 and 9115171.
1651
Calculate the greatest common factor of 30 and 116901705.
15
Calculate the greatest common factor of 29117 and 215017.
11
What is the greatest common factor of 8458620 and 60?
60
Calculate the highest common divisor of 433892 and 3484.
268
What is the highest common factor of 2960 and 212668304?
592
Calculate the greatest common divisor of 231 and 2449029.
33
Calculate the highest common factor of 54561228 and 816.
204
What is the highest common divisor of 63944012 and 99?
11
Calculate the greatest common factor of 19745 and 10468480.
55
Calculate the highest common factor of 654958635 and 15.
15
What is the greatest common divisor of 702 and 2498652?
234
Calculate the highest common factor of 11 and 14283720.
11
Calculate the greatest common divisor of 43881197 and 1019.
1019
What is the highest common factor of 2144883 and 6708?
1677
What is the greatest common divisor of 8 and 7510484?
4
Calculate the greatest common divisor of 2278 and 20116.
2
Calculate the greatest common factor of 23473589 and 4.
1
What is the highest common divisor of 40236 and 470378?
958
Calculate the highest common factor of 392 and 5098646.
98
What is the greatest common factor of 594708 and 4032?
12
Calculate the highest common divisor of 82954 and 21682.
74
Calculate the highest common factor of 69 and 3032182.
23
Calculate the highest common divisor of 16954 and 3272318.
98
Calculate the highest common divisor of 483744 and 288.
96
What is the highest common factor of 402 and 642999?
201
What is the highest common divisor of 582 and 140622258?
582
Calculate the highest common factor of 1117 and 34704073.
1117
What is the greatest common divisor of 945208 and 42504?
2024
Calculate the greatest common divisor of 431 and 1722632437.
431
What is the highest common divisor of 710 and 1236290?
10
Calculate the highest common factor of 3099993 and 141501.
303
Calculate the greatest common divisor of 306 and 2846242.
34
Calculate the greatest common divisor of 16190425 and 7225.
25
What is the highest common factor of 1316564 and 5734?
94
Calculate the greatest common divisor of 5184 and 138378456.
648
What is the greatest common divisor of 195126968 and 8?
8
Calculate the greatest common divisor of 125857 and 7928.
991
Calculate the highest common divisor of 658121 and 23273.
17
Calculate the greatest common divisor of 205578 and 258.
6
What is the greatest common factor of 198 and 1031657?
11
What is the highest common divisor of 30 and 108655065?
15
What is the highest common factor of 92226201 and 4293?
159
Calculate the highest common factor of 980 and 10448564.
196
Calculate the highest common factor of 120161949 and 921.
921
What is the greatest common factor of 82 and 502328638?
82
What is the highest common divisor of 11095456 and 42824?
808
Calculate the highest common factor of 86514294 and 12.
6
What is the greatest common divisor of 90508 and 42108?
484
What is the highest common factor of 192 and 31573956?
12
Calculate the highest common factor of 50491154 and 21.
7
Calculate the highest common divisor of 596 and 1165577681.
149
Calculate the highest common factor of 4609241 and 56.
7
Calculate the highest common factor of 60 and 598519540.
20
Calculate the highest common divisor of 13668 and 121244.
68
Calculate the greatest common divisor of 36 and 14001093.
9
Calculate the greatest common factor of 3327280 and 6160.
880
Calculate the greatest common factor of 14058 and 3865311.
639
Calculate the highest common factor of 68039174 and 1316.
658
What is the highest common factor of 8897 and 140917?
287
What is the highest common divisor of 174 and 33274920?
6
Calculate the greatest common divisor of 4746 and 4234062.
42
Calculate the greatest common divisor of 866492 and 138952.
44
What is the highest common divisor of 17427872 and 224?
224
What is the greatest common divisor of 10635 and 85755?
15
What is the highest common factor of 3480591 and 117813?
681
Calculate the highest common divisor of 3360 and 11263245.
105
What is the highest common factor of 170 and 5465530?
10
What is the greatest common factor of 9017820 and 3094?
238
What is the greatest common factor of 1332 and 45626180?
148
Calculate the highest common divisor of 5376 and 3256428.
84
What is the greatest common factor of 75 and 4267650?
75
Calculate the highest common factor of 12090 and 3648390.
930
What is the greatest common divisor of 42884 and 208833?
151
Calculate the highest common divisor of 1392786 and 216.
18
What is the greatest common divisor of 293139094 and 1558?
82
Calculate the highest common factor of 3869 and 976886.
73
Calculate the highest common factor of 295200738 and 574.
574
Calculate the highest common factor of 1460 and 2087505080.
1460
Calculate the greatest common divisor of 955889 and 27269.
737
What is the highest common divisor of 3497808 and 144?
48
Calculate the greatest common factor of 7070878 and 323.
17
Calculate the greatest common factor of 16704 and 87212628.
1044
Calculate the greatest common factor of 125879 and 117638767.
9683
What is the greatest common divisor of 288 and 3693472?
32
Calculate the greatest common factor of 18089139 and 84.
3
Calculate the highest common factor of 18 and 2237569668.
18
What is the greatest common factor of 989 and 985504?
23
Calculate the highest common divisor of 481320 and 52416.
504
Calculate the highest common divisor of 47538 and 1047565.
19
Calculate the greatest common factor of 1222783 and 87153.
2641
What is the highest common factor of 1651923 and 3969?
63
Calculate the greatest common divisor of 1885240 and 450.
10
Calculate the greatest common divisor of 1123325 and 3635250.
3275
What is the greatest common factor of 16306194 and 42?
6
What is the highest common divisor of 123751108 and 130?
26
Calculate the highest common factor of 652127 and 52864.
413
What is the greatest common factor of 270 and 108890?
10
What is the highest common divisor of 13 and 26448461?
13
Calculate the greatest common divisor of 2268474 and 11679.
687
Calculate the greatest common factor of 435448 and 37895.
689
Calculate the highest common factor of 13 and 14756196.
13
What is the greatest common divisor of 1606456 and 52?
4
Calculate the greatest common divisor of 17565840 and 1395.
1395
Calculate the greatest common factor of 17329 and 694278.
559
What is the highest common factor of 178 and 671968334?
178
Calculate the greatest common factor of 1942 and 44099907.
971
What is the greatest common factor of 688 and 66392?
344
What is the highest common factor of 211904 and 222376?
616
Calculate the greatest common factor of 193522952 and 1148.
1148
What is the highest common factor of 48 and 25690736?
16
Calculate the highest common factor of 2470865 and 55760.
3485
Calculate the greatest common divisor of 33332 and 265374.
1282
Calculate the highest common factor of 8 and 27466664.
8
Calculate the greatest common factor of 15384 and 278631162.
3846
What is the greatest common factor of 65424 and 69265968?
2256
Calculate the greatest common divisor of 20298 and 77214.
102
What is the highest common factor of 264 and 144243480?
24
Calculate the highest common divisor of 3057 an